{"id":6344,"date":"2016-10-21T02:13:02","date_gmt":"2016-10-21T00:13:02","guid":{"rendered":"http:\/\/www.artifox.com\/?page_id=6344"},"modified":"2021-01-27T19:27:59","modified_gmt":"2021-01-27T18:27:59","slug":"ausstellungsgestaltung","status":"publish","type":"page","link":"http:\/\/www.artifox.com\/en\/ausstellungsgestaltung\/","title":{"rendered":"Exposition Design"},"content":{"rendered":"<section class=\"l-section wpb_row height_large\"><div class=\"l-section-h i-cf\"><div class=\"g-cols vc_row via_flex valign_top type_default stacking_default\"><div class=\"vc_col-sm-8 wpb_column vc_column_container\"><div class=\"vc_column-inner\"><div class=\"wpb_wrapper\"><div class=\"w-slider style_none fit_scaledown\"><div class=\"w-slider-h\"><div class=\"royalSlider\"><div class=\"rsContent\"><a class=\"rsImg\" data-rsw=\"600\" data-rsh=\"450\" href=\"http:\/\/www.artifox.com\/artifox\/wp-content\/uploads\/2014\/10\/exp05.jpg\"><span data-alt=\"Ausstellungsgestaltung, Buchgestaltung: Ulmer FrauenWege im 20. Jahrhundert, Tatkraft aus N\u00e4chstenliebe, Gestaltung von Buch und Ausstellung \u00a92004 Gabriele Stautner, ARTIFOX\"><\/span><\/a><img width=\"150\" height=\"150\" src=\"http:\/\/www.artifox.com\/artifox\/wp-content\/uploads\/2014\/10\/exp05-150x150.jpg\" class=\"rsTmb\" alt=\"Ausstellungsgestaltung, Buchgestaltung: Ulmer FrauenWege im 20. Jahrhundert, Tatkraft aus N\u00e4chstenliebe, Gestaltung von Buch und Ausstellung \u00a92004 Gabriele Stautner, ARTIFOX\" decoding=\"async\" loading=\"lazy\" srcset=\"http:\/\/www.artifox.com\/artifox\/wp-content\/uploads\/2014\/10\/exp05-150x150.jpg 150w, http:\/\/www.artifox.com\/artifox\/wp-content\/uploads\/2014\/10\/exp05-350x350.jpg 350w\" sizes=\"(max-width: 150px) 100vw, 150px\" \/><\/div><div class=\"rsContent\"><a class=\"rsImg\" data-rsw=\"600\" data-rsh=\"450\" href=\"http:\/\/www.artifox.com\/artifox\/wp-content\/uploads\/2014\/10\/exp04.jpg\"><span data-alt=\"Ausstellungsgestaltung, Buchgestaltung: Ulmer FrauenWege im 20. Jahrhundert, Tatkraft aus N\u00e4chstenliebe, Gestaltung von Buch und Ausstellung \u00a92004 Gabriele Stautner, ARTIFOX\"><\/span><\/a><img width=\"150\" height=\"150\" src=\"http:\/\/www.artifox.com\/artifox\/wp-content\/uploads\/2014\/10\/exp04-150x150.jpg\" class=\"rsTmb\" alt=\"Ausstellungsgestaltung, Buchgestaltung: Ulmer FrauenWege im 20. Jahrhundert, Tatkraft aus N\u00e4chstenliebe, Gestaltung von Buch und Ausstellung \u00a92004 Gabriele Stautner, ARTIFOX\" decoding=\"async\" loading=\"lazy\" srcset=\"http:\/\/www.artifox.com\/artifox\/wp-content\/uploads\/2014\/10\/exp04-150x150.jpg 150w, http:\/\/www.artifox.com\/artifox\/wp-content\/uploads\/2014\/10\/exp04-350x350.jpg 350w\" sizes=\"(max-width: 150px) 100vw, 150px\" \/><\/div><div class=\"rsContent\"><a class=\"rsImg\" data-rsw=\"600\" data-rsh=\"450\" href=\"http:\/\/www.artifox.com\/artifox\/wp-content\/uploads\/2014\/10\/exp03.jpg\"><span data-alt=\"Ausstellungsgestaltung, Buchgestaltung: Ulmer FrauenWege im 20. Jahrhundert, Tatkraft aus N\u00e4chstenliebe, Gestaltung von Buch und Ausstellung \u00a92004 Gabriele Stautner, ARTIFOX\"><\/span><\/a><img width=\"150\" height=\"150\" src=\"http:\/\/www.artifox.com\/artifox\/wp-content\/uploads\/2014\/10\/exp03-150x150.jpg\" class=\"rsTmb\" alt=\"Ausstellungsgestaltung, Buchgestaltung: Ulmer FrauenWege im 20. Jahrhundert, Tatkraft aus N\u00e4chstenliebe, Gestaltung von Buch und Ausstellung \u00a92004 Gabriele Stautner, ARTIFOX\" decoding=\"async\" loading=\"lazy\" srcset=\"http:\/\/www.artifox.com\/artifox\/wp-content\/uploads\/2014\/10\/exp03-150x150.jpg 150w, http:\/\/www.artifox.com\/artifox\/wp-content\/uploads\/2014\/10\/exp03-350x350.jpg 350w\" sizes=\"(max-width: 150px) 100vw, 150px\" \/><\/div><div class=\"rsContent\"><a class=\"rsImg\" data-rsw=\"600\" data-rsh=\"450\" href=\"http:\/\/www.artifox.com\/artifox\/wp-content\/uploads\/2014\/10\/exp02.jpg\"><span data-alt=\"Ausstellungsgestaltung, Buchgestaltung: Ulmer FrauenWege im 20. Jahrhundert, Tatkraft aus N\u00e4chstenliebe, Gestaltung von Buch und Ausstellung \u00a92004 Gabriele Stautner, ARTIFOX\"><\/span><\/a><img width=\"150\" height=\"150\" src=\"http:\/\/www.artifox.com\/artifox\/wp-content\/uploads\/2014\/10\/exp02-150x150.jpg\" class=\"rsTmb\" alt=\"Ausstellungsgestaltung, Buchgestaltung: Ulmer FrauenWege im 20. Jahrhundert, Tatkraft aus N\u00e4chstenliebe, Gestaltung von Buch und Ausstellung \u00a92004 Gabriele Stautner, ARTIFOX\" decoding=\"async\" loading=\"lazy\" srcset=\"http:\/\/www.artifox.com\/artifox\/wp-content\/uploads\/2014\/10\/exp02-150x150.jpg 150w, http:\/\/www.artifox.com\/artifox\/wp-content\/uploads\/2014\/10\/exp02-350x350.jpg 350w\" sizes=\"(max-width: 150px) 100vw, 150px\" \/><\/div><div class=\"rsContent\"><a class=\"rsImg\" data-rsw=\"600\" data-rsh=\"450\" href=\"http:\/\/www.artifox.com\/artifox\/wp-content\/uploads\/2014\/10\/exp01.jpg\"><span data-alt=\"Ausstellungsgestaltung, Buchgestaltung: Ulmer FrauenWege im 20. Jahrhundert, Tatkraft aus N\u00e4chstenliebe, Gestaltung von Buch und Ausstellung \u00a92004 Gabriele Stautner, ARTIFOX\"><\/span><\/a><img width=\"150\" height=\"150\" src=\"http:\/\/www.artifox.com\/artifox\/wp-content\/uploads\/2014\/10\/exp01-150x150.jpg\" class=\"rsTmb\" alt=\"Ausstellungsgestaltung, Buchgestaltung: Ulmer FrauenWege im 20. Jahrhundert, Tatkraft aus N\u00e4chstenliebe, Gestaltung von Buch und Ausstellung \u00a92004 Gabriele Stautner, ARTIFOX\" decoding=\"async\" loading=\"lazy\" srcset=\"http:\/\/www.artifox.com\/artifox\/wp-content\/uploads\/2014\/10\/exp01-150x150.jpg 150w, http:\/\/www.artifox.com\/artifox\/wp-content\/uploads\/2014\/10\/exp01-350x350.jpg 350w\" sizes=\"(max-width: 150px) 100vw, 150px\" \/><\/div><div class=\"rsContent\"><a class=\"rsImg\" data-rsw=\"412\" data-rsh=\"450\" href=\"http:\/\/www.artifox.com\/artifox\/wp-content\/uploads\/2016\/02\/buch-400px.jpg\"><span data-alt=\"Ausstellungsgestaltung, Buchgestaltung: Ulmer FrauenWege im 20. Jahrhundert, Tatkraft aus N\u00e4chstenliebe, Buchgestaltung \u00a92004 Gabriele Stautner, ARTIFOX\"><\/span><\/a><img width=\"150\" height=\"150\" src=\"http:\/\/www.artifox.com\/artifox\/wp-content\/uploads\/2016\/02\/buch-400px-150x150.jpg\" class=\"rsTmb\" alt=\"Ausstellungsgestaltung, Buchgestaltung: Ulmer FrauenWege im 20. Jahrhundert, Tatkraft aus N\u00e4chstenliebe, Buchgestaltung \u00a92004 Gabriele Stautner, ARTIFOX\" decoding=\"async\" loading=\"lazy\" srcset=\"http:\/\/www.artifox.com\/artifox\/wp-content\/uploads\/2016\/02\/buch-400px-150x150.jpg 150w, http:\/\/www.artifox.com\/artifox\/wp-content\/uploads\/2016\/02\/buch-400px-350x350.jpg 350w\" sizes=\"(max-width: 150px) 100vw, 150px\" \/><\/div><\/div><img src=\"http:\/\/www.artifox.com\/artifox\/wp-content\/uploads\/2014\/10\/exp05.jpg\" width=\"600\" height=\"450\" alt=\"Ausstellungsgestaltung, Buchgestaltung: Ulmer FrauenWege im 20. Jahrhundert, Tatkraft aus N\u00e4chstenliebe, Gestaltung von Buch und Ausstellung \u00a92004 Gabriele Stautner, ARTIFOX\" loading=\"lazy\"><\/div><div class=\"w-slider-json\" onclick='return {&quot;autoScaleSlider&quot;:true,&quot;loop&quot;:true,&quot;fadeInLoadedSlide&quot;:false,&quot;slidesSpacing&quot;:0,&quot;imageScalePadding&quot;:0,&quot;numImagesToPreload&quot;:2,&quot;arrowsNav&quot;:true,&quot;arrowsNavAutoHide&quot;:false,&quot;transitionType&quot;:&quot;move&quot;,&quot;transitionSpeed&quot;:250,&quot;block&quot;:{&quot;moveEffect&quot;:&quot;none&quot;,&quot;speed&quot;:300},&quot;thumbs&quot;:{&quot;fitInViewport&quot;:false},&quot;controlNavigation&quot;:&quot;thumbnails&quot;,&quot;imageScaleMode&quot;:&quot;fit-if-smaller&quot;,&quot;autoScaleSliderWidth&quot;:600,&quot;autoScaleSliderHeight&quot;:450}'><\/div><\/div><\/div><\/div><\/div><div class=\"vc_col-sm-4 wpb_column vc_column_container\"><div class=\"vc_column-inner\"><div class=\"wpb_wrapper\"><div class=\"wpb_text_column\"><div class=\"wpb_wrapper\"><h5 style=\"text-align: left;\"><strong>Women's Ways in Ulm<br \/>\n<\/strong><\/h5>\n<h5 style=\"text-align: left;\">&#8220;Leben in Ulm w\u00e4re anders gewesen ohne diese Frauen&#8221; sagt der \u00f6kumenische Arbeitskreis Frauen, der in liebevoller Recherchearbeit das Leben von herausragenden Ulmerinnen im 20. Jahrhundert nachvollzogen hat. Anlass daf\u00fcr war 2004 das Stadtjubil\u00e4um &#8220;1150 Jahre Ulm&#8221;.<\/h5>\n<h5 style=\"text-align: left;\" class=\" translation-block\">The 70th anniversary of the Volkshochschule Ulm in 2016 was a perfect opportunity to display five of the 12 portraits. They could be seen at the Club Orange, <a href=\"http:\/\/www.vh-ulm.de\" target=\"_self\" rel=\"noopener\"><strong>Volkshochschule Ulm<\/strong><\/a>, Kornhausplatz 1, 89073 Ulm, Germany. The book (German only), hardcover, 108 pages, can be purchased there as well.<\/h5>\n<p style=\"text-align: left;\">Design of the book and the exposition: \u00a92004 Gabriele Stautner, ARTIFOX<\/p>\n<\/div><\/div><\/div><\/div><\/div><\/div><\/div><\/section><section class=\"l-section wpb_row height_large\"><div class=\"l-section-h i-cf\"><div class=\"g-cols vc_row via_flex valign_top type_default stacking_default\"><div class=\"vc_col-sm-12 wpb_column vc_column_container\"><div class=\"vc_column-inner\"><div class=\"wpb_wrapper\"><\/div><\/div><\/div><\/div><\/div><\/section>","protected":false},"excerpt":{"rendered":"Ulmer Frauenwege im 20. Jahrhundert &#8220;Leben in Ulm w\u00e4re anders gewesen ohne diese Frauen&#8221; sagt der \u00f6kumenische Arbeitskreis Frauen, der in liebevoller Recherchearbeit das Leben von herausragenden Ulmerinnen im 20. Jahrhundert nachvollzogen hat. Anlass daf\u00fcr war 2004 das Stadtjubil\u00e4um &#8220;1150 Jahre Ulm&#8221;. Zum 70. Geburtstag der Ulmer Volkshochschule 2016 wurden f\u00fcnf der 12 Portraits ausgestellt...","protected":false},"author":1,"featured_media":0,"parent":0,"menu_order":0,"comment_status":"closed","ping_status":"closed","template":"","meta":[],"_links":{"self":[{"href":"http:\/\/www.artifox.com\/en\/wp-json\/wp\/v2\/pages\/6344"}],"collection":[{"href":"http:\/\/www.artifox.com\/en\/wp-json\/wp\/v2\/pages"}],"about":[{"href":"http:\/\/www.artifox.com\/en\/wp-json\/wp\/v2\/types\/page"}],"author":[{"embeddable":true,"href":"http:\/\/www.artifox.com\/en\/wp-json\/wp\/v2\/users\/1"}],"replies":[{"embeddable":true,"href":"http:\/\/www.artifox.com\/en\/wp-json\/wp\/v2\/comments?post=6344"}],"version-history":[{"count":15,"href":"http:\/\/www.artifox.com\/en\/wp-json\/wp\/v2\/pages\/6344\/revisions"}],"predecessor-version":[{"id":7896,"href":"http:\/\/www.artifox.com\/en\/wp-json\/wp\/v2\/pages\/6344\/revisions\/7896"}],"wp:attachment":[{"href":"http:\/\/www.artifox.com\/en\/wp-json\/wp\/v2\/media?parent=6344"}],"curies":[{"name":"wp","href":"https:\/\/api.w.org\/{rel}","templated":true}]}}

<section class="l-section wpb_row height_large"><div class="l-section-h i-cf"><div class="g-cols vc_row via_flex valign_top type_default stacking_default"><div class="vc_col-sm-8 wpb_column vc_column_container"><div class="vc_column-inner"><div class="wpb_wrapper"><div class="w-slider style_none fit_scaledown"><div class="w-slider-h"><div class="royalSlider"><div class="rsContent"><a class="rsImg" data-rsw="600" data-rsh="450" href="http://www.artifox.com/artifox/wp-content/uploads/2014/10/exp05.jpg"><span data-alt="Ausstellungsgestaltung, Buchgestaltung: Ulmer FrauenWege im 20. Jahrhundert, Tatkraft aus Nächstenliebe, Gestaltung von Buch und Ausstellung ©2004 Gabriele Stautner, ARTIFOX"></span></a><img width="150" height="150" src="http://www.artifox.com/artifox/wp-content/uploads/2014/10/exp05-150x150.jpg" class="rsTmb" alt="Ausstellungsgestaltung, Buchgestaltung: Ulmer FrauenWege im 20. Jahrhundert, Tatkraft aus Nächstenliebe, Gestaltung von Buch und Ausstellung ©2004 Gabriele Stautner, ARTIFOX" decoding="async" loading="lazy" srcset="http://www.artifox.com/artifox/wp-content/uploads/2014/10/exp05-150x150.jpg 150w, http://www.artifox.com/artifox/wp-content/uploads/2014/10/exp05-350x350.jpg 350w" sizes="(max-width: 150px) 100vw, 150px" /></div><div class="rsContent"><a class="rsImg" data-rsw="600" data-rsh="450" href="http://www.artifox.com/artifox/wp-content/uploads/2014/10/exp04.jpg"><span data-alt="Ausstellungsgestaltung, Buchgestaltung: Ulmer FrauenWege im 20. Jahrhundert, Tatkraft aus Nächstenliebe, Gestaltung von Buch und Ausstellung ©2004 Gabriele Stautner, ARTIFOX"></span></a><img width="150" height="150" src="http://www.artifox.com/artifox/wp-content/uploads/2014/10/exp04-150x150.jpg" class="rsTmb" alt="Ausstellungsgestaltung, Buchgestaltung: Ulmer FrauenWege im 20. Jahrhundert, Tatkraft aus Nächstenliebe, Gestaltung von Buch und Ausstellung ©2004 Gabriele Stautner, ARTIFOX" decoding="async" loading="lazy" srcset="http://www.artifox.com/artifox/wp-content/uploads/2014/10/exp04-150x150.jpg 150w, http://www.artifox.com/artifox/wp-content/uploads/2014/10/exp04-350x350.jpg 350w" sizes="(max-width: 150px) 100vw, 150px" /></div><div class="rsContent"><a class="rsImg" data-rsw="600" data-rsh="450" href="http://www.artifox.com/artifox/wp-content/uploads/2014/10/exp03.jpg"><span data-alt="Ausstellungsgestaltung, Buchgestaltung: Ulmer FrauenWege im 20. Jahrhundert, Tatkraft aus Nächstenliebe, Gestaltung von Buch und Ausstellung ©2004 Gabriele Stautner, ARTIFOX"></span></a><img width="150" height="150" src="http://www.artifox.com/artifox/wp-content/uploads/2014/10/exp03-150x150.jpg" class="rsTmb" alt="Ausstellungsgestaltung, Buchgestaltung: Ulmer FrauenWege im 20. Jahrhundert, Tatkraft aus Nächstenliebe, Gestaltung von Buch und Ausstellung ©2004 Gabriele Stautner, ARTIFOX" decoding="async" loading="lazy" srcset="http://www.artifox.com/artifox/wp-content/uploads/2014/10/exp03-150x150.jpg 150w, http://www.artifox.com/artifox/wp-content/uploads/2014/10/exp03-350x350.jpg 350w" sizes="(max-width: 150px) 100vw, 150px" /></div><div class="rsContent"><a class="rsImg" data-rsw="600" data-rsh="450" href="http://www.artifox.com/artifox/wp-content/uploads/2014/10/exp02.jpg"><span data-alt="Ausstellungsgestaltung, Buchgestaltung: Ulmer FrauenWege im 20. Jahrhundert, Tatkraft aus Nächstenliebe, Gestaltung von Buch und Ausstellung ©2004 Gabriele Stautner, ARTIFOX"></span></a><img width="150" height="150" src="http://www.artifox.com/artifox/wp-content/uploads/2014/10/exp02-150x150.jpg" class="rsTmb" alt="Ausstellungsgestaltung, Buchgestaltung: Ulmer FrauenWege im 20. Jahrhundert, Tatkraft aus Nächstenliebe, Gestaltung von Buch und Ausstellung ©2004 Gabriele Stautner, ARTIFOX" decoding="async" loading="lazy" srcset="http://www.artifox.com/artifox/wp-content/uploads/2014/10/exp02-150x150.jpg 150w, http://www.artifox.com/artifox/wp-content/uploads/2014/10/exp02-350x350.jpg 350w" sizes="(max-width: 150px) 100vw, 150px" /></div><div class="rsContent"><a class="rsImg" data-rsw="600" data-rsh="450" href="http://www.artifox.com/artifox/wp-content/uploads/2014/10/exp01.jpg"><span data-alt="Ausstellungsgestaltung, Buchgestaltung: Ulmer FrauenWege im 20. Jahrhundert, Tatkraft aus Nächstenliebe, Gestaltung von Buch und Ausstellung ©2004 Gabriele Stautner, ARTIFOX"></span></a><img width="150" height="150" src="http://www.artifox.com/artifox/wp-content/uploads/2014/10/exp01-150x150.jpg" class="rsTmb" alt="Ausstellungsgestaltung, Buchgestaltung: Ulmer FrauenWege im 20. Jahrhundert, Tatkraft aus Nächstenliebe, Gestaltung von Buch und Ausstellung ©2004 Gabriele Stautner, ARTIFOX" decoding="async" loading="lazy" srcset="http://www.artifox.com/artifox/wp-content/uploads/2014/10/exp01-150x150.jpg 150w, http://www.artifox.com/artifox/wp-content/uploads/2014/10/exp01-350x350.jpg 350w" sizes="(max-width: 150px) 100vw, 150px" /></div><div class="rsContent"><a class="rsImg" data-rsw="412" data-rsh="450" href="http://www.artifox.com/artifox/wp-content/uploads/2016/02/buch-400px.jpg"><span data-alt="Ausstellungsgestaltung, Buchgestaltung: Ulmer FrauenWege im 20. Jahrhundert, Tatkraft aus Nächstenliebe, Buchgestaltung ©2004 Gabriele Stautner, ARTIFOX"></span></a><img width="150" height="150" src="http://www.artifox.com/artifox/wp-content/uploads/2016/02/buch-400px-150x150.jpg" class="rsTmb" alt="Ausstellungsgestaltung, Buchgestaltung: Ulmer FrauenWege im 20. Jahrhundert, Tatkraft aus Nächstenliebe, Buchgestaltung ©2004 Gabriele Stautner, ARTIFOX" decoding="async" loading="lazy" srcset="http://www.artifox.com/artifox/wp-content/uploads/2016/02/buch-400px-150x150.jpg 150w, http://www.artifox.com/artifox/wp-content/uploads/2016/02/buch-400px-350x350.jpg 350w" sizes="(max-width: 150px) 100vw, 150px" /></div></div><img src="http://www.artifox.com/artifox/wp-content/uploads/2014/10/exp05.jpg" width="600" height="450" alt="Ausstellungsgestaltung, Buchgestaltung: Ulmer FrauenWege im 20. Jahrhundert, Tatkraft aus Nächstenliebe, Gestaltung von Buch und Ausstellung ©2004 Gabriele Stautner, ARTIFOX" loading="lazy"></div><div class="w-slider-json" onclick='return {&quot;autoScaleSlider&quot;:true,&quot;loop&quot;:true,&quot;fadeInLoadedSlide&quot;:false,&quot;slidesSpacing&quot;:0,&quot;imageScalePadding&quot;:0,&quot;numImagesToPreload&quot;:2,&quot;arrowsNav&quot;:true,&quot;arrowsNavAutoHide&quot;:false,&quot;transitionType&quot;:&quot;move&quot;,&quot;transitionSpeed&quot;:250,&quot;block&quot;:{&quot;moveEffect&quot;:&quot;none&quot;,&quot;speed&quot;:300},&quot;thumbs&quot;:{&quot;fitInViewport&quot;:false},&quot;controlNavigation&quot;:&quot;thumbnails&quot;,&quot;imageScaleMode&quot;:&quot;fit-if-smaller&quot;,&quot;autoScaleSliderWidth&quot;:600,&quot;autoScaleSliderHeight&quot;:450}'></div></div></div></div></div><div class="vc_col-sm-4 wpb_column vc_column_container"><div class="vc_column-inner"><div class="wpb_wrapper"><div class="wpb_text_column"><div class="wpb_wrapper"><h5 style="text-align: left;"><strong>Women's Ways in Ulm<br />
</strong></h5>
<h5 style="text-align: left;">&#8220;Leben in Ulm wäre anders gewesen ohne diese Frauen&#8221; sagt der ökumenische Arbeitskreis Frauen, der in liebevoller Recherchearbeit das Leben von herausragenden Ulmerinnen im 20. Jahrhundert nachvollzogen hat. Anlass dafür war 2004 das Stadtjubiläum &#8220;1150 Jahre Ulm&#8221;.</h5>
<h5 style="text-align: left;" class=" translation-block">The 70th anniversary of the Volkshochschule Ulm in 2016 was a perfect opportunity to display five of the 12 portraits. They could be seen at the Club Orange, <a href="http://www.vh-ulm.de" target="_self" rel="noopener"><strong>Volkshochschule Ulm</strong></a>, Kornhausplatz 1, 89073 Ulm, Germany. The book (German only), hardcover, 108 pages, can be purchased there as well.</h5>
<p style="text-align: left;">Design of the book and the exposition: ©2004 Gabriele Stautner, ARTIFOX</p>
</div></div></div></div></div></div></div></section><section class="l-section wpb_row height_large"><div class="l-section-h i-cf"><div class="g-cols vc_row via_flex valign_top type_default stacking_default"><div class="vc_col-sm-12 wpb_column vc_column_container"><div class="vc_column-inner"><div class="wpb_wrapper"></div></div></div></div></div></section>

Ulmer Frauenwege im 20. Jahrhundert &#8220;Leben in Ulm wäre anders gewesen ohne diese Frauen&#8221; sagt der ökumenische Arbeitskreis Frauen, der in liebevoller Recherchearbeit das Leben von herausragenden Ulmerinnen im 20. Jahrhundert nachvollzogen hat. Anlass dafür war 2004 das Stadtjubiläum &#8220;1150 Jahre Ulm&#8221;. Zum 70. Geburtstag der Ulmer Volkshochschule 2016 wurden fünf der 12 Portraits ausgestellt...
